re the prime factors of 224?
2, 7
List the prime factors of 82101.
3, 27367
What are the prime factors of 724?
2, 181
List the prime factors of 29188.
2, 7297
What are the prime factors of 143074?
2, 71537
List the prime factors of 12941.
12941
What are the prime factors of 63907?
63907
List the prime factors of 584.
2, 73
What are the prime factors of 451?
11, 41
What are the prime factors of 75204?
2, 3, 2089
List the prime factors of 2112.
2, 3, 11
List the prime factors of 32377.
32377
What are the prime factors of 4923?
3, 547
List the prime factors of 79.
79
What are the prime factors of 24297?
3, 7, 13, 89
List the prime factors of 2440.
2, 5, 61
List the prime factors of 1273.
19, 67
What are the prime factors of 9112?
2, 17, 67
List the prime factors of 102474.
2, 3, 5693
List the prime factors of 844.
2, 211
List the prime factors of 49219.
83, 593
List the prime factors of 36.
2, 3
List the prime factors of 1064.
2, 7, 19
What are the prime factors of 3668?
2, 7, 131
List the prime factors of 1494.
2, 3, 83
List the prime factors of 1375.
5, 11
List the prime factors of 247.
13, 19
What are the prime factors of 2014?
2, 19, 53
List the prime factors of 80017.
7, 23, 71
What are the prime factors of 7173?
3, 797
List the prime factors of 3513.
3, 1171
What are the prime factors of 5850?
2, 3, 5, 13
List the prime factors of 16346.
2, 11, 743
List the prime factors of 45.
3, 5
What are the prime factors of 2889?
3, 107
What are the prime factors of 13312?
2, 13
What are the prime factors of 21025?
5, 29
List the prime factors of 66.
2, 3, 11
List the prime factors of 16301.
16301
What are the prime factors of 4113?
3, 457
What are the prime factors of 6465?
3, 5, 431
List the prime factors of 11034.
2, 3, 613
What are the prime factors of 1567?
1567
What are the prime factors of 654?
2, 3, 109
List the prime factors of 17962.
2, 7, 1283
What are the prime factors of 1224?
2, 3, 17
What are the prime factors of 2438?
2, 23, 53
What are the prime factors of 61125?
3, 5, 163
What are the prime factors of 832?
2, 13
List the prime factors of 499.
499
List the prime factors of 3864.
2, 3, 7, 23
List the prime factors of 78854.
2, 89, 443
What are the prime factors of 51860?
2, 5, 2593
What are the prime factors of 55978?
2, 13, 2153
What are the prime factors of 91610?
2, 5, 9161
List the prime factors of 10289.
10289
What are the prime factors of 82632?
2, 3, 11, 313
List the prime factors of 5522.
2, 11, 251
What are the prime factors of 1790?
2, 5, 179
What are the prime factors of 2922?
2, 3, 487
List the prime factors of 1017.
3, 113
What are the prime factors of 21799?
21799
What are the prime factors of 697?
17, 41
What are the prime factors of 45725?
5, 31, 59
List the prime factors of 5179.
5179
List the prime factors of 32886.
2, 3, 7, 29
What are the prime factors of 37556?
2, 41, 229
List the prime factors of 4621.
4621
What are the prime factors of 8616?
2, 3, 359
List the prime factors of 2042.
2, 1021
What are the prime factors of 35679?
3, 7, 1699
List the prime factors of 2808.
2, 3, 13
List the prime factors of 109213.
13, 31, 271
List the prime factors of 1576.
2, 197
What are the prime factors of 16803?
3, 1867
List the prime factors of 761.
761
What are the prime factors of 2335?
5, 467
List the prime factors of 51111.
3, 631
List the prime factors of 596.
2, 149
What are the prime factors of 6989?
29, 241
What are the prime factors of 2341?
2341
List the prime factors of 38446.
2, 47, 409
What are the prime factors of 79018?
2, 39509
What are the prime factors of 2321?
11, 211
What are the prime factors of 565?
5, 113
What are the prime factors of 5383?
7, 769
What are the prime factors of 63743?
63743
List the prime factors of 946.
2, 11, 43
What are the prime factors of 9531?
3, 353
What are the prime factors of 1693?
1693
What are the prime factors of 1645?
5, 7, 47
What are the prime factors of 1707?
3, 569
List the prime factors of 1528.
2, 191
List the prime factors of 365.
5, 73
What are the prime factors of 1408?
2, 11
List the prime factors of 10339.
7, 211
List the prime factors of 304.
2, 19
What are the prime factors of 3552?
2, 3, 37
What are the prime factors of 21475?
5, 859
What are the prime factors of 46909?
61, 769
List the prime factors of 65618.
2, 7, 43, 109
What are the prime factors of 3426?
2, 3, 571
List the prime factors of 883.
883
What are the prime factors of 1807?
13, 139
List the prime factors of 4125.
3, 5, 11
List the prime factors of 722.
2, 19
What are the prime factors of 484?
2, 11
What are the prime factors of 8888?
2, 11, 101
What are the prime factors of 525?
3, 5, 7
What are the prime factors of 7154?
2, 7, 73
What are the prime factors of 41807?
97, 431
List the prime factors of 13635.
3, 5, 101
What are the prime factors of 25681?
61, 421
List the prime factors of 18046.
2, 7, 1289
List the prime factors of 1978.
2, 23, 43
What are the prime factors of 4153?
4153
List the prime factors of 3519.
3, 17, 23
List the prime factors of 5485.
5, 1097
List the prime factors of 11827.
11827
What are the prime factors of 6930?
2, 3, 5, 7, 11
List the prime factors of 1677.
3, 13, 43
What are the prime factors of 2121?
3, 7, 101
What are the prime factors of 4525?
5, 181
List the prime factors of 3175.
5, 127
List the prime factors of 250.
2, 5
What are the prime factors of 5143?
37, 139
List the prime factors of 2253.
3, 751
What are the prime factors of 8884?
2, 2221
What are the prime factors of 2186?
2, 1093
What are the prime factors of 175855?
5, 35171
List the prime factors of 1699.
1699
What are the prime factors of 1017?
3, 113
List the prime factors of 2042.
2, 1021
What are the prime factors of 1834?
2, 7, 131
List the prime factors of 1533.
3, 7, 73
What are the prime factors of 745?
5, 149
List the prime factors of 3101.
7, 443
What are the prime factors of 6255?
3, 5, 139
List the prime factors of 161241.
3, 71, 757
What are the prime factors of 1303?
1303
List the prime factors of 1271.
31, 41
List the prime factors of 11183.
53, 211
What are the prime factors of 58626?
2, 3, 3257
List the prime factors of 753.
3, 251
List the prime factors of 300.
2, 3, 5
List the prime factors of 1098.
2, 3, 61
What are the prime factors of 91234?
2, 11, 13, 29
List the prime factors of 3060.
2, 3, 5, 17
List the prime factors of 26021.
26021
List the prime factors of 30768.
2, 3, 641
What are the prime factors of 199146?
2, 3, 33191
List the prime factors of 1408.
2, 11
What are the prime factors of 486?
2, 3
What are the prime factors of 1863?
3, 23
List the prime factors of 23203.
23203
What are the prime factors of 16059?
3, 53, 101
List the prime factors of 312.
2, 3, 13
What are the prime factors of 159925?
5, 6397
List the prime factors of 12981.
3, 4327
What are the prime factors of 26872?
2, 3359
What are the prime factors of 10661?
7, 1523
What are the prime factors of 8998?
2, 11, 409
List the prime factors of 10495.
5, 2099
What are the prime factors of 96589?
96589
What are the prime factors of 47870?
2, 5, 4787
List the prime factors of 1237.
1237
What are the prime factors of 31867?
11, 2897
List the prime factors of 79134.
2, 3, 11, 109
What are the prime factors of 1116?
2, 3, 31
List the prime factors of 11101.
17, 653
What are the prime factors of 140?
2, 5, 7
List the prime factors of 29954.
2, 17, 881
What are the prime factors of 3216?
2, 3, 67
What are the prime factors of 5610?
2, 3, 5, 11, 17
What are the prime factors of 1310?
2, 5, 131
List the prime factors of 1513.
17, 89
What are the prime factors of 12125?
5, 97
What are the prime factors of 14460?
2, 3, 5, 241
List the prime factors of 50767.
50767
List the prime factors of 70804.
2, 31, 571
What are the prime factors of 6431?
59, 109
What are the prime factors of 53861?
53861
What are the prime factors of 38709?
3, 11, 17, 23
List the prime factors of 175503.
3, 19, 3079
What are the prime factors of 126059?
37, 3407
List the prime factors of 35595.
3, 5, 7, 113
What are the prime factors of 16985?
5, 43, 79
What are the prime factors of 26735?
5, 5347
List the prime factors of 370.
2, 5, 37
List the prime factors of 12.
2, 3
What are the prime factors of 4734?
2, 3, 263
What are the prime factors 